+ d = 31*l - 338. What is the greatest common factor of 4 and l?
2
Let l(a) = 48*a**3 + 3*a**2 + 2*a - 5. Let q be l(1). Calculate the greatest common factor of 9 and q.
3
Let f(s) = -10*s**2 - 5*s. Let k be f(-2). Let r = 233 + k. Calculate the highest common factor of r and 29.
29
Suppose -7*v - 94 = -332. What is the highest common factor of v and 187?
17
Let v = 18 + -17. Suppose 3*n - 22 - v = -2*r, 0 = -2*n + 5*r - 10. Suppose -n*m - 56 = -7*m. What is the greatest common divisor of 308 and m?
28
Let m(t) = 3*t - 24. Let b be m(6). Let r(f) = -f**2 - 10*f + 8. Let s be r(-8). Let k = b + s. Calculate the highest common factor of 36 and k.
18
Let m be (2 - -1)/(3/2). Suppose -3*j + m*o + 712 = 0, 7*j - 2*j - 1220 = -5*o. Suppose -j = -7*z + 2*z. Calculate the greatest common divisor of 12 and z.
12
Let x be -9*6*4/8. Let y = -8 + x. Let c = 49 + y. What is the highest common factor of c and 56?
14
Let g be -2672*9/(-156) + (-4)/26. Calculate the greatest common factor of 539 and g.
77
Suppose -46*b + 38*b = -40. What is the greatest common factor of b and 5?
5
Let m(j) = -j**3 - 4*j**2 - 7*j - 9. Let s be m(-3). Suppose 7 = z + s, 3*x - 2*z = 208. What is the highest common factor of 24 and x?
24
Let z(j) = -11*j - 2 + 0*j + 0 - j**2. Let d be z(-10). Suppose 5*p - m + 0*m = 323, 3*m = -3*p + 183. What is the greatest common factor of p and d?
8
Let s(w) = -w - 54. Let t = 2 - 2. Let a be s(t). Let m = a - -96. What is the greatest common factor of m and 105?
21
Suppose -x - 4*x = a - 14, 0 = -2*a - 4*x + 40. Calculate the highest common divisor of 18 and a.
6
Let f = -17 - -15. Let n be f/(-4)*(-1 + -3). Let i(b) = 3*b**2 + 2*b + 1. Let c be i(n). What is the highest common divisor of 99 and c?
9
Suppose 2*h - 9*z - 39 = -4*z, 0 = -2*h + z + 43. Calculate the highest common divisor of 418 and h.
22
Let z(f) = 4*f**3 - f**2. Let b = 80 - 79. Let h be z(b). What is the highest common divisor of h and 12?
3
Suppose 0 = -d - 59 + 95. Suppose -2*s + 174 = -6. What is the greatest common factor of s and d?
18
Let j(s) = s**2 + 16*s - 65. Let g be j(-20). Calculate the greatest common divisor of g and 750.
15
Let z(x) = -113*x**3 - 24*x - 25. Let l be z(-1). What is the greatest common factor of 176 and l?
16
Suppose 0 = 5*f - 5*s - 310, 2*f - 4*s - 212 + 78 = 0. Calculate the greatest common divisor of 3 and f.
3
Let s be (2 - 40/12)*(-48)/2. Suppose 0 = l + 3*l - 3*g - 881, l = -2*g + 234. What is the greatest common divisor of s and l?
32
Let c be 8 - ((-47)/(-9) + (-12)/54). What is the highest common divisor of c and 219?
3
Suppose 0 = 17*q - 29 - 5. Let g = 5 - 2. What is the highest common divisor of g and q?
1
Let l be 126/35 - (-4)/10. Suppose -l*j + 40 = -16. Let b be -3*(-4)/6 - -19. What is the highest common divisor of j and b?
7
Let y(g) = g + 4. Let m be y(-5). Let f be (-2)/((-3)/(-6) + m). Suppose -n - 6*r - 20 = -r, 4*n = f*r + 40. Calculate the greatest common factor of n and 20.
5
Suppose -x = -5*g - 4*x + 17, -3*g + 15 = 3*x. Let p(u) = 7*u - 1. Let s be p(g). Let h = 214 + -211. What is the highest common factor of s and h?
3
Suppose v - 5 = -n, -5*v - 5*n + 15 = -2*v. Suppose -4*s - 2*g = -g - 116, -v*g = -20. Calculate the highest common divisor of s and 14.
14
Let h be 8 - 3/((-6)/(-4)). Suppose -3 = -2*w + 5. Suppose -5*p - w*b = -61, -2*b = -2*p + 2*b + 2. Calculate the greatest common factor of p and h.
3
Let p = -184 - -261. Calculate the highest common divisor of p and 22.
11
Suppose 4*o - 1021 = -157. Suppose 3*a - 99 - o = 0. Let u = 43 - 28. What is the greatest common divisor of u and a?
15
Let m = -32 + 31. Let t be 1252/6 - (12/(-18))/m. Calculate the greatest common divisor of 16 and t.
16
Suppose 2*l - i - 11 = -0*i, 21 = 4*l - 3*i. Let a be (369/6)/(l/12). Suppose -67 = -5*v + a. What is the greatest common divisor of v and 57?
19
Suppose -37 = -3*h - 4*o + 71, 5*o = -4*h + 144. Let i = -40 - -49. What is the highest common factor of h and i?
9
Let d = 36 + -29. Suppose -4*o - 55 = -d*o - 4*s, -2*o + 36 = 2*s. What is the greatest common divisor of o and 68?
17
Suppose -2842 - 1883 = -9*y. What is the greatest common factor of 150 and y?
75
Let r(m) = -m**3 - 7*m**2 - 2*m + 2. Let q be r(-7). Let j be ((-8)/q)/(1/(-14)). Let s be (4 - (j - 4)) + 12. What is the highest common divisor of 143 and s?
13
Let o = 9 - -27. Suppose 5*b - b = -o. Let r be (8/(-12))/(3/b). What is the highest common divisor of r and 4?
2
Let z(q) = q**2 - 21*q - 170. Let i be z(-14). What is the highest common factor of i and 64?
64
Suppose 0 = -4*f + 4*j + 676, 0 = 11*f - 7*f - 3*j - 678. Calculate the highest common factor of 741 and f.
57
Let q = 211 + -151. What is the greatest common divisor of 540 and q?
60
Suppose -8*x - 27 = -171. Calculate the greatest common factor of 153 and x.
9
Let c(m) = -m**2 - 4*m + 12. Let b be c(-5). Calculate the greatest common factor of b and 14.
7
Let d be -1*(-27)/3*(-12)/(-4). Suppose d = 8*f - 5*f. Calculate the greatest common divisor of 3 and f.
3
Let k(q) = -2*q**3 - 3*q**2 + 5*q - 3. Let s be k(-5). Let w = -101 + s. Suppose -2*f + 14 = -w. What is the greatest common divisor of 15 and f?
15
Let w(b) = b + 14. Let q be w(-11). Suppose -3*j + 14 = -2*s, 0*j + q*s = 3*j - 18. What is the highest common factor of 6 and j?
2
Let l = -4 + 10. Let z be 4 + -3*4/l. What is the highest common factor of 8 and z?
2
Suppose l - f = 1 + 13, -2*l + 16 = -5*f. Let z be (4 + -25)/(l/(-12)). What is the greatest common divisor of 70 and z?
14
Let o be (128/(-48))/(5/(-18))*5. What is the highest common divisor of o and 9?
3
Suppose -x + 380 = -t - 144, -2*t = x - 527. Suppose -6*p + x = -795. Calculate the highest common divisor of p and 20.
20
Let y = 102 + 74. What is the highest common divisor of 99 and y?
11
Let c(a) = -a**3 + 14*a**2 + 2. Let m be c(14). Suppose -5*o + 648 = -m*o. What is the highest common divisor of 27 and o?
27
Let l be 136/10 + (-4)/(-10). Suppose -46 = -s + l. Suppose 0 = 42*v - 99*v + 2280. What is the highest common factor of s and v?
20
Let p = 1 - -2. Let g be 9*-2 + (p - 0). Let z be g/(2*3/(-6)). What is the highest common factor of 75 and z?
15
Let t(o) = o**2 + 2*o. Let b be t(0). Suppose -5*p - 4*x + 439 = b, 2*p + 2*x = -0*x + 174. Calculate the greatest common divisor of 26 and p.
13
Let o be 309/(-206)*(1 - 70/6). What is the greatest common factor of 752 and o?
16
Let l be 1/(((-21)/34)/(-21)). Calculate the greatest common factor of l and 153.
17
Let i(l) = -l**3 + 2*l**2 - 4*l - 10. Let o be i(-10). Calculate the greatest common factor of o and 30.
30
Let g(a) = 10*a**2 - a. Suppose 1 + 3 = 4*n. Let d be g(n). Calculate the greatest common divisor of 81 and d.
9
Suppose -2*z - 5*j = -170, 2*z + 2*z = -3*j + 340. Let w = z + -75. Calculate the highest common factor of w and 10.
10
Let y(r) = 14*r + 114. Let o be y(-6). Suppose 2*x + 0*j = -5*j + 2, 0 = 4*j + 8. What is the highest common divisor of x and o?
6
Let t be (-264)/(-22) - (2 - 78). What is the greatest common divisor of t and 32?
8
Suppose -4 - 5 = x. Let q be x*(-2 + 1)*1. Let f(c) = -c**3 + 8*c**2 + 10*c - 7. Let i be f(q). Calculate the greatest common divisor of 22 and i.
2
Let i = 26 - 0. Let x = i + 16. Let c = 2 + 4. Calculate the greatest common factor of x and c.
6
Suppose 698 - 582 = 2*j. Calculate the greatest common factor of j and 406.
58
Let s(h) = 4*h + 275. Let f be s(-22). Calculate the highest common factor of f and 51.
17
Let f(c) = -37*c - 470. Let a be f(-13). Calculate the greatest common factor of a and 913.
11
Let l(k) be the third derivative of k**5/60 + k**4/24 + k**3/3 + k**2. Let n be l(-3). Suppose 6*j = 2*j + 8. Calculate the highest common divisor of n and j.
2
Let j be (-2514)/(-66) + 3/(-33). Calculate the highest common divisor of 57 and j.
19
Let u be (-4042)/(-329) - (-2)/(-7). What is the highest common factor of u and 21?
3
Let i be (-1)/(0 - (-2)/(-20)). What is the highest common factor of 5 and i?
5
Suppose -26*u = 1683 - 6961. What is the highest common factor of 145 and u?
29
Let x = -44 - -156. Suppose -t - 3*t = 4*j - x, 5 = 5*t. Suppose 2*s = -2*z + 28, 2 + 108 = 5*z - 5*s. What is the greatest common divisor of z and j?
9
Let c = 37 - 2. Let b be c/3